13?
-8894
What is -1110000011101 (base 2) in base 14?
-28a1
Convert -213323 (base 6) to base 2.
-100010011010011
Convert -201 (base 10) to base 2.
-11001001
What is 4900 (base 14) in base 4?
3013010
Convert 1054 (base 8) to base 11.
466
Convert 1021021 (base 3) to base 16.
39d
Convert -1101100001 (base 2) to base 9.
-1161
Convert -449b (base 13) to base 14.
-36d2
What is -9579 (base 15) in base 10?
-31614
-6421 (base 15) to base 13
-9844
What is -3031411 (base 5) in base 7?
-262542
403300 (base 5) to base 10
12950
-110200 (base 4) to base 15
-5c7
Convert -12129 (base 13) to base 8.
-100607
-2448 (base 9) to base 5
-24301
43d4 (base 14) to base 15
3735
13220 (base 6) to base 8
3754
What is -4f4b (base 16) in base 9?
-30754
What is -47261 (base 10) in base 5?
-3003021
Convert 1aa5 (base 15) to base 5.
141110
What is 18979 (base 10) in base 7?
106222
What is -546 (base 10) in base 12?
-396
Convert -10001101 (base 3) to base 10.
-2224
Convert -11111100110 (base 2) to base 15.
-8ec
Convert -143355 (base 6) to base 15.
-411b
What is 2122010 (base 3) in base 7?
5412
What is 13 (base 5) in base 10?
8
-1121121211 (base 3) to base 16
-7c39
Convert -13737 (base 15) to base 2.
-1111001110101001
What is -27c (base 13) in base 3?
-121100
What is 52524 (base 7) in base 2?
11001010011010
What is 10112000 (base 3) in base 15?
b60
What is -3647 (base 9) in base 15?
-c11
70464 (base 8) to base 2
111000100110100
What is 2000312 (base 4) in base 9?
12272
What is -1005 (base 6) in base 9?
-265
What is 214104 (base 6) in base 11?
12379
-164754 (base 8) to base 13
-21346
What is 23305 (base 6) in base 12?
1b35
-5449 (base 11) to base 14
-289a
What is 1100000111011 (base 2) in base 13?
2a92
-3135 (base 6) to base 10
-707
What is 20031013 (base 4) in base 12?
17547
1120 (base 4) to base 11
80
Convert 405 (base 8) to base 6.
1113
What is -226 (base 8) in base 11?
-127
What is 281 (base 11) in base 14?
199
What is -1113 (base 9) in base 7?
-2253
Convert 25383 (base 9) to base 7.
100545
Convert 1840 (base 10) to base 16.
730
24443 (base 8) to base 6
120431
What is 30033 (base 4) in base 14?
3dd
Convert 1220101 (base 4) to base 8.
15021
1403 (base 8) to base 10
771
-42034 (base 7) to base 5
-312230
Convert -789 (base 10) to base 12.
-559
What is 331 (base 11) in base 10?
397
Convert -d62 (base 15) to base 8.
-5711
Convert -110001001 (base 2) to base 9.
-476
Convert 284 (base 13) to base 2.
110111110
-3121 (base 5) to base 7
-1125
Convert -21112130 (base 4) to base 12.
-1a1b8
Convert -1013 (base 7) to base 11.
-2a1
What is 1111011110 (base 2) in base 12?
6a6
What is -604 (base 16) in base 10?
-1540
Convert 5cb (base 15) to base 2.
10100100100
What is 15036 (base 9) in base 6?
115223
-10011010111 (base 2) to base 13
-744
Convert 36602 (base 7) to base 8.
22525
What is -120200020 (base 3) in base 15?
-35bc
What is -a46 (base 16) in base 12?
-1632
-68 (base 11) to base 12
-62
-100011 (base 3) to base 13
-160
-518 (base 10) to base 16
-206
-132 (base 11) to base 14
-b2
-1025 (base 6) to base 7
-452
What is -1042 (base 7) in base 8?
-565
What is -983 (base 10) in base 7?
-2603
-501 (base 8) to base 9
-386
What is 1000 (base 7) in base 13?
205
What is 10452 (base 6) in base 16?
5c0
Convert -640 (base 9) to base 4.
-20022
36541 (base 7) to base 6
112051
What is -13311 (base 8) in base 5?
-141313
Convert -513 (base 9) to base 8.
-641
What is 5455 (base 7) in base 2?
11110011111
Convert 132022 (base 4) to base 16.
78a
-a59 (base 12) to base 14
-79b
-13000222 (base 4) to base 12
-1474a
-1034330 (base 5) to base 7
-103512
What is 1222210 (base 4) in base 16?
1aa4
5046 (base 10) to base 5
130141
Convert 4786 (base 13) to base 11.
7635
What is 862 (base 10) in base 8?
1536
68 (base 14) to base 11
84
Convert -36fa (base 16) to base 10.
-14074
What is -b9 (base 15) in base 16?
-ae
Convert -1d74 (base 14) to base 9.
-7353
What is 1111002 (base 3) in base 16?
43a
-4424 (base 9) to base 2
-110010111110
857 (base 10) to base 12
5b5
Convert -1096 (base 11) to base 9.
-1865
What is -2827 (base 12) in base 6?
-33251
Convert -3613 (base 9) to base 3.
-10200110
Convert 3299 (base 11) to base 7.
15443
Convert -10000011011 (base 2) to base 5.
-13201
What is -4690 (base 12) in base 4?
-1323030
Convert 2211 (base 6) to base 4.
13333
What is -4a4a (base 12) in base 7?
-33343
What is 12bd (base 15) in base 10?
4003
-14445 (base 10) to base 15
-4430
1671 (base 10) to base 9
2256
What is 10101010110 (base 2) in base 16?
556
What is -1537 (base 10) in base 6?
-11041
Convert -28b3 (base 12) to base 6.
-33543
1301111 (base 5) to base 6
312244
2869 (base 11) to base 6
25053
What is -318 (base 13) in base 15?
-253
What is -2243 (base 9) in base 11?
-1279
Convert -10111000010 (base 2) to base 10.
-1474
What is -232034 (base 6) in base 15?
-5d64
Convert 240 (base 11) to base 13.
190
-556 (base 9) to base 14
-248
What is -111 (base 10) in base 8?
-157
-7f (base 16) to base 3
-11201
1110021 (base 3) to base 12
744
Convert -33546 (base 9) to base 12.
-10ab9
Convert -455424 (base 6) to base 10.
-38824
-b997 (base 13) to base 16
-64d4
Convert 552c (base 13) to base 7.
46413
10210 (base 4) to base 12
204
What is 4515 (base 7) in base 12?
b39
What is 10112002 (base 3) in base 4?
220013
Convert 1001111110011 (base 2) to base 16.
13f3
What is 15555 (base 7) in base 4?
1010301
What is 101011101111001 (base 2) in base 11?
15908
-1d4c (base 14) to base 7
-21425
Convert 100111010 (base 2) to base 13.
1b2
Convert -58f1 (base 16) to base 13.
-a496
What is -1002 (base 6) in base 2?
-11011010
Convert -430223 (base 6) to base 15.
-a5d9
What is 12410 (base 12) in base 16?
60cc
Convert -2142 (base 5) to base 3.
-102000
What is -14a4 (base 16) in base 13?
-2536
Convert -7068 (base 9) to base 3.
-21002022
Convert 7b26 (base 15) to base 8.
63030
3498 (base 11) to base 7
16236
What is -305 (base 8) in base 6?
-525
-3311 (base 5) to base 16
-1c8
Convert 10034 (base 6) to base 16.
526
Convert -375 (base 11) to base 8.
-675
-31013331 (base 4) to base 14
-1583b
Convert -11552 (base 10) to base 9.
-16755
Convert -31322 (base 4) to base 6.
-4042
Convert -1030 (base 16) to base 8.
-10060
Convert 20403 (base 7) to base 10.
5001
5420 (base 7) to base 5
30200
-221 (base 13) to base 12
-265
-1506 (base 12) to base 7
-10104
39a15 (base 12) to base 14
20c25
-211613 (base 8) to base 7
-412440
-18562 (base 10) to base 7
-105055
cb8 (base 15) to base 5
42443
What is -3013331 (base 4) in base 14?
-4941
Convert -b0b (base 12) to base 3.
-2012002
-10573 (base 9) to base 2
-1101101111000
1001100110 (base 2) to base 7
1535
What is -121120 (base 3) in base 2?
-110111111
Convert 291 (base 13) to base 11.
385
What is 241 (base 6) in base 16?
61
349 (base 12) to base 3
200010
112742 (base 8) to base 9
57563
-1047 (base 9) to base 10
-772
-3402202 (base 5) to base 8
-164435
-105241 (base 7) to base 3
-221120201
Convert 4342 (base 10) to base 4.
1003312
Convert -5900 (base 12) to base 11.
-7513
What is -232203 (base 7) in base 11?
-29292
Convert 1212201 (base 3) to base 4.
111121
What is 1826 (base 15) in base 4?
1101123
-143 (base 9) to base 5
-440
Convert -192a (base 11) to base 10.
-2452
What is 1222120211 (base 3) in base 8?
114230
What is 17256 (base 9) in base 4?
2321211
What is 421001 (base 7) in base 8?
215266
220032 (base 4) to base 16
a0e
1211 (base 6) to base 15
14a
What is -28677 (base 9) in base 2?
-100110000110110
5013 (base 6) to base 9
1440
Convert 622 (base 11) to base 12.
526
What is 550 (base 9) in base 8?
702
What is 478c (base 13) in base 15?
2ec7
What is 40301 (base 5) in base 7?
10340
Convert -2101 (base 6) to base 7.
-1240
31610 (base 10) to base 2
111101101111010
Convert 1151 (base 7) to base 4.
12230
What is -aaa (base 15) in base 6?
-15054
What is 223223 (base 5) in base 2?
1111100000010
-15b6 (base 12) to base 2
-101000011010
Convert -63f3 (base 16) to base 14.
-9479
Convert -594 (base 11) to base 14.
-388
What is -4aa0 (base 11) in base 9?
-10102
What is 1021200 (base 3) in base 12?
660
Convert -1481 (base 11) to base 5.
-30104
299 (base 15) to base 13
369
What is 10407 (base 9) in base 12?
3ba4
What is 11350 (base 7) in base 6?
21314
Convert -9556 (base 10) to base 9.
-14087
b048 (base 12) to base 6
224132
What is 20511 (base 7